
-137a607
What is 21838b (base 14) in base 8?
4254127
-547626 (base 10) to base 6
-15423150
Convert -10144101313 (base 5) to base 7.
-155354033
33cb6 (base 13) to base 11
64a65
What is 2224623 (base 8) in base 6?
20511535
Convert -10102012011121 (base 3) to base 15.
-25c9da
What is 110102011100 (base 3) in base 2?
111011101001101100
Convert 37ac4 (base 16) to base 8.
675304
Convert -305410 (base 7) to base 12.
-26357
Convert -1114344200 (base 5) to base 8.
-11414440
11101010010111101000 (base 2) to base 9
1722750
Convert 45053a (base 13) to base 3.
10001202101120
Convert 32a1a7b (base 13) to base 6.
1312253352
Convert -120111003102 (base 4) to base 14.
-bc032a
What is 4b9001 (base 14) in base 7?
31042001
Convert -101212321012 (base 4) to base 2.
-10001100110111001000110
What is -10210002022 (base 3) in base 16?
-122b4
202820 (base 12) to base 5
112033141
What is -20102210212 (base 3) in base 6?
-2414335
Convert 930e52 (base 15) to base 7.
113260325
Convert -2bb849 (base 14) to base 5.
-342430131
Convert -254144 (base 7) to base 8.
-133740
Convert -1abc57 (base 13) to base 12.
-28b42a
What is -420b5 (base 16) in base 10?
-270517
1a49 (base 11) to base 13
1247
What is -2abbcc4 (base 13) in base 6?
-1205442402
What is -7767711 (base 8) in base 10?
-2093001
f25ba (base 16) to base 15
1491ed
133001031 (base 4) to base 15
279a3
-12760 (base 14) to base 12
-22300
What is 3621274 (base 9) in base 14?
3913a9
Convert -83876 (base 14) to base 12.
-133700
Convert 14467447 (base 8) to base 12.
113491b
Convert -183655 (base 11) to base 2.
-1000101000101001110
Convert 223321132112 (base 4) to base 7.
166545605
What is 1100020020110 (base 3) in base 15?
e1476
Convert 21301323 (base 7) to base 15.
25ce93
-81691 (base 10) to base 12
-3b337
What is 2043312 (base 6) in base 11?
68637
Convert -6a973 (base 15) to base 4.
-1102322301
Convert 102331200 (base 4) to base 3.
10221112110
Convert 34aa96 (base 14) to base 7.
21162046
Convert -14a851 (base 11) to base 4.
-321013131
What is 110023323033 (base 4) in base 6?
305230423
Convert -130101102 (base 4) to base 7.
-661410
-1000010110001000000011 (base 2) to base 8
-10261003
Convert -73db7 (base 14) to base 13.
-9a4c2
-58076a (base 13) to base 16
-1fd550
Convert 110101010100110100 (base 2) to base 13.
78557
c96c4 (base 15) to base 14
129041
-323011313 (base 4) to base 6
-5104315
What is -26645424 (base 7) in base 14?
-48264b
What is -1001101100101001111 (base 2) in base 14?
-83b43
-4633a3 (base 11) to base 15
-e8364
What is 4313211113 (base 5) in base 7?
140326310
Convert -202300320133 (base 4) to base 14.
-12d3171
11111110111101101 (base 2) to base 5
13134131
What is 2aa79 (base 15) in base 3?
20222102120
-85315 (base 16) to base 10
-545557
-130041 (base 5) to base 7
-20432
Convert -249c94 (base 14) to base 8.
-4626052
-742cb (base 14) to base 15
-58174
Convert 101330 (base 11) to base 9.
267254
-22173 (base 15) to base 4
-122130231
Convert -111211020012020 (base 3) to base 8.
-34014142
-1211545 (base 6) to base 4
-33212321
Convert -4320042122 (base 5) to base 8.
-42702164
3140701 (base 8) to base 2
11001100000111000001
What is 100001010011100 (base 2) in base 4?
10022130
What is 3885386 (base 10) in base 4?
32310211022
What is -1091834 (base 10) in base 2?
-100001010100011111010
-70dd8 (base 14) to base 8
-1022442
What is -4882031 (base 10) in base 6?
-252345555
5d0e0 (base 16) to base 9
640752
What is -153586 (base 11) in base 9?
-403687
Convert -104334111 (base 5) to base 11.
-298322
What is -340734 (base 9) in base 7?
-1506502
-2161610 (base 9) to base 12
-480909
-1011011000110011111 (base 2) to base 16
-5b19f
What is -289245 (base 10) in base 16?
-469dd
What is 48e7bc (base 15) in base 10?
3491502
What is -151b3b (base 14) in base 3?
-1101100000221
41773005 (base 8) to base 14
127d2cd
Convert 89724a (base 11) to base 5.
331223130
What is -323211231213 (base 4) in base 8?
-73455547
Convert 2203661 (base 8) to base 5.
122414133
What is -1105443442 (base 6) in base 8?
-55703462
What is 10d8bd (base 14) in base 3?
1002020001212
-110011011111010010000 (base 2) to base 8
-6337220
What is -11133210 (base 4) in base 7?
-122412
Convert -2550215 (base 6) to base 15.
-2b1a5
-210303331 (base 5) to base 3
-1122011100012
-103564 (base 8) to base 4
-20131310
-4401343 (base 5) to base 2
-10010010111010111
Convert c83b4 (base 14) to base 8.
1660552
Convert 585836 (base 11) to base 8.
3430375
-544a31b (base 12) to base 16
-f48947
What is 10120011111100 (base 3) in base 13?
513735
4241011 (base 7) to base 14
d5541
Convert -23133332 (base 4) to base 13.
-18593
1043115 (base 11) to base 13
4c2b77
What is 100001011111000111 (base 2) in base 10?
137159
What is -698021 (base 12) in base 10?
-1693465
What is 43da9 (base 15) in base 13?
77250
What is -8254 (base 9) in base 7?
-23422
What is -1011110101000110111010 (base 2) in base 10?
-3101114
What is -224024 (base 9) in base 8?
-406016
Convert 10010001000101011101000 (base 2) to base 13.
ca5c10
Convert 3dedd (base 15) to base 4.
300213010
132408 (base 9) to base 10
80522
Convert 602668 (base 16) to base 12.
213a6b4
-310233230 (base 4) to base 9
-358318
-24342253 (base 6) to base 3
-1110101211220
473aa (base 14) to base 15
36690
-143a72 (base 12) to base 11
-211345
Convert -497496 (base 15) to base 4.
-31122311133
22102200100 (base 3) to base 8
504132
Convert -1101011010010110 (base 2) to base 12.
-2795a
-7591a (base 13) to base 16
-33de8
Convert 167d4b (base 14) to base 15.
1091b3
-707553 (base 8) to base 11
-14a332
Convert 540ac (base 13) to base 11.
a4001
Convert 265427 (base 10) to base 4.
1000303103
What is 157b2 (base 12) in base 8?
73466
-14552625 (base 7) to base 8
-5235112
What is 3011230 (base 6) in base 5?
14012240
Convert -114301150 (base 6) to base 14.
-406a4a
What is -432414242 (base 5) in base 10?
-1841822
-1341303 (base 8) to base 14
-9b831
What is 338825 (base 9) in base 13?
71720
What is -1a1328 (base 14) in base 6?
-31500012
What is 2344223 (base 10) in base 9?
4362602
Convert de1bb4 (base 16) to base 7.
234503364
Convert 4729598 (base 12) to base 4.
310123120010
1001110100010100 (base 2) to base 4
21310110
What is 326023 (base 10) in base 4?
1033212013
What is 10100111000000001101111 (base 2) in base 8?
24700157
-2573947 (base 11) to base 10
-4455997
Convert 1c65c (base 14) to base 9.
120528
Convert 7b214 (base 13) to base 16.
36cc1
Convert -540750 (base 8) to base 2.
-101100000111101000
5796c (base 16) to base 3
200020010120
Convert 44041314 (base 5) to base 2.
1011100001101101101
What is 23a52b (base 12) in base 9?
1070658
Convert 1532421 (base 6) to base 3.
11120110211
What is -12a4d (base 15) in base 4?
-32210302
What is aa1920 (base 11) in base 9?
3271346
What is 1232112103 (base 4) in base 2?
1101110010110010011
54451012 (base 7) to base 16
4739f8
What is 1110112001001 (base 3) in base 14?
1636a3
Convert 2216663 (base 12) to base 5.
3131023200
Convert -12353035 (base 6) to base 12.
-17577b
11111100101011000 (base 2) to base 7
1046111
What is -1010001000000000001 (base 2) in base 16?
-51001
a56394 (base 11) to base 2
110011101001000000111
Convert -188716 (base 13) to base 15.
-c3424
What is 152258 (base 12) in base 10?
356324
What is 11040033332 (base 5) in base 6?
1105531024
3248a3 (base 11) to base 13
15220a
Convert -630615 (base 9) to base 16.
-5b6cd
What is -66cc (base 16) in base 14?
-983a
What is -b00ba3 (base 12) in base 16?
-29caab
Convert 82126b (base 12) to base 9.
3740382
Convert 19b3a67 (base 12) to base 7.
64261105
What is 110011001110001101001 (base 2) in base 14?
319969
-16869a5 (base 13) to base 3
-111201202211100
What is 10446154 (base 9) in base 7?
60631531
What is 1787606 (base 9) in base 8?
3646563
-1100001000001001001 (base 2) to base 6
-12303425
What is -5046521 (base 7) in base 5?
-123201132
Convert -200220100021 (base 3) to base 11.
-234579
16303441 (base 10) to base 2
111110001100010101010001
Convert -11430021421 (base 5) to base 3.
-221102201222202
What is 6ba541 (base 15) in base 14?
980189
What is -101000011111110101 (base 2) in base 7?
-1260415
What is -112000331120 (base 4) in base 15?
-78ee4b
What is 135201 (base 7) in base 6?
315320
Convert 6097438 (base 10) to base 15.
8069ad
-1062500 (base 9) to base 12
-2374a6
a4476a (base 1